of 47253.
3, 19, 829
List the prime factors of 3566.
2, 1783
List the prime factors of 1627.
1627
List the prime factors of 15774.
2, 3, 11, 239
What are the prime factors of 14442?
2, 3, 29, 83
List the prime factors of 1970.
2, 5, 197
List the prime factors of 5100.
2, 3, 5, 17
What are the prime factors of 3625?
5, 29
List the prime factors of 3367.
7, 13, 37
List the prime factors of 9294.
2, 3, 1549
What are the prime factors of 5003?
5003
What are the prime factors of 2819?
2819
What are the prime factors of 14254?
2, 7127
What are the prime factors of 2482?
2, 17, 73
What are the prime factors of 132?
2, 3, 11
List the prime factors of 2279.
43, 53
List the prime factors of 2470.
2, 5, 13, 19
List the prime factors of 17650.
2, 5, 353
What are the prime factors of 3371?
3371
What are the prime factors of 1087?
1087
What are the prime factors of 1539?
3, 19
What are the prime factors of 2655?
3, 5, 59
What are the prime factors of 705?
3, 5, 47
List the prime factors of 1968.
2, 3, 41
What are the prime factors of 6065?
5, 1213
What are the prime factors of 1308?
2, 3, 109
List the prime factors of 56.
2, 7
List the prime factors of 876.
2, 3, 73
List the prime factors of 882.
2, 3, 7
What are the prime factors of 422?
2, 211
List the prime factors of 7713.
3, 857
List the prime factors of 5232.
2, 3, 109
List the prime factors of 2699.
2699
What are the prime factors of 30609?
3, 19, 179
List the prime factors of 37334.
2, 11, 1697
List the prime factors of 47684.
2, 7, 13, 131
What are the prime factors of 6938?
2, 3469
What are the prime factors of 8162?
2, 7, 11, 53
What are the prime factors of 49335?
3, 5, 11, 13, 23
List the prime factors of 2080.
2, 5, 13
List the prime factors of 74587.
74587
What are the prime factors of 121136?
2, 67, 113
What are the prime factors of 4000?
2, 5
What are the prime factors of 10703?
7, 11, 139
List the prime factors of 3053.
43, 71
What are the prime factors of 51831?
3, 13, 443
List the prime factors of 15738.
2, 3, 43, 61
What are the prime factors of 6400?
2, 5
List the prime factors of 1198.
2, 599
What are the prime factors of 146870?
2, 5, 19, 773
List the prime factors of 44478.
2, 3, 7, 353
What are the prime factors of 42449?
11, 17, 227
What are the prime factors of 18?
2, 3
What are the prime factors of 1380?
2, 3, 5, 23
List the prime factors of 2062.
2, 1031
List the prime factors of 586.
2, 293
What are the prime factors of 1366?
2, 683
List the prime factors of 30802.
2, 15401
List the prime factors of 9485.
5, 7, 271
List the prime factors of 10684.
2, 2671
What are the prime factors of 124?
2, 31
List the prime factors of 2680.
2, 5, 67
What are the prime factors of 21511?
7, 439
List the prime factors of 2582.
2, 1291
What are the prime factors of 2122?
2, 1061
List the prime factors of 2459.
2459
What are the prime factors of 37810?
2, 5, 19, 199
List the prime factors of 1068.
2, 3, 89
List the prime factors of 48625.
5, 389
List the prime factors of 82543.
197, 419
What are the prime factors of 95277?
3, 7, 13, 349
What are the prime factors of 481?
13, 37
List the prime factors of 378.
2, 3, 7
List the prime factors of 929.
929
What are the prime factors of 1626?
2, 3, 271
List the prime factors of 136386.
2, 3, 7577
What are the prime factors of 50064?
2, 3, 7, 149
List the prime factors of 13957.
17, 821
What are the prime factors of 35657?
181, 197
What are the prime factors of 860?
2, 5, 43
What are the prime factors of 72369?
3, 11, 17, 43
What are the prime factors of 13315?
5, 2663
List the prime factors of 6398.
2, 7, 457
List the prime factors of 5457.
3, 17, 107
What are the prime factors of 127332?
2, 3, 131
What are the prime factors of 99?
3, 11
List the prime factors of 35669.
53, 673
List the prime factors of 13711.
13711
What are the prime factors of 11812?
2, 2953
List the prime factors of 27719.
53, 523
List the prime factors of 3113.
11, 283
What are the prime factors of 3347?
3347
List the prime factors of 95369.
95369
List the prime factors of 3572.
2, 19, 47
List the prime factors of 2113.
2113
What are the prime factors of 147224?
2, 7, 11, 239
What are the prime factors of 3050?
2, 5, 61
List the prime factors of 1072.
2, 67
List the prime factors of 9174.
2, 3, 11, 139
List the prime factors of 25035.
3, 5, 1669
What are the prime factors of 481?
13, 37
What are the prime factors of 7887?
3, 11, 239
List the prime factors of 16760.
2, 5, 419
What are the prime factors of 2632?
2, 7, 47
What are the prime factors of 5013?
3, 557
List the prime factors of 57241.
57241
List the prime factors of 35664.
2, 3, 743
List the prime factors of 5986.
2, 41, 73
What are the prime factors of 28826?
2, 7, 29, 71
What are the prime factors of 141?
3, 47
What are the prime factors of 1467?
3, 163
List the prime factors of 419.
419
What are the prime factors of 8658?
2, 3, 13, 37
List the prime factors of 101732.
2, 29, 877
List the prime factors of 5730.
2, 3, 5, 191
What are the prime factors of 10689?
3, 7, 509
List the prime factors of 1994.
2, 997
List the prime factors of 14622.
2, 3, 2437
What are the prime factors of 3406?
2, 13, 131
What are the prime factors of 31132?
2, 43, 181
What are the prime factors of 17089?
23, 743
List the prime factors of 87240.
2, 3, 5, 727
List the prime factors of 2601.
3, 17
What are the prime factors of 3013?
23, 131
What are the prime factors of 6192?
2, 3, 43
List the prime factors of 2143.
2143
List the prime factors of 1845.
3, 5, 41
What are the prime factors of 3784?
2, 11, 43
List the prime factors of 13470.
2, 3, 5, 449
List the prime factors of 429.
3, 11, 13
What are the prime factors of 7777?
7, 11, 101
List the prime factors of 1005.
3, 5, 67
List the prime factors of 14292.
2, 3, 397
What are the prime factors of 7567?
7, 23, 47
List the prime factors of 23306.
2, 43, 271
What are the prime factors of 582?
2, 3, 97
What are the prime factors of 367?
367
List the prime factors of 10785.
3, 5, 719
List the prime factors of 3029.
13, 233
List the prime factors of 2135.
5, 7, 61
What are the prime factors of 3394?
2, 1697
List the prime factors of 13761.
3, 11, 139
List the prime factors of 8017.
8017
What are the prime factors of 7317?
3, 271
List the prime factors of 769.
769
List the prime factors of 100934.
2, 109, 463
What are the prime factors of 12406?
2, 6203
List the prime factors of 442.
2, 13, 17
What are the prime factors of 153?
3, 17
What are the prime factors of 21152?
2, 661
List the prime factors of 13347.
3, 1483
What are the prime factors of 38386?
2, 17, 1129
List the prime factors of 38955.
3, 5, 7, 53
List the prime factors of 7430.
2, 5, 743
What are the prime factors of 731?
17, 43
List the prime factors of 5097.
3, 1699
What are the prime factors of 25286?
2, 47, 269
List the prime factors of 36179.
11, 13, 23
What are the prime factors of 2998?
2, 1499
List the prime factors of 6657.
3, 7, 317
List the prime factors of 602.
2, 7, 43
List the prime factors of 8779.
8779
List the prime factors of 78495.
3, 5, 5233
What are the prime factors of 556?
2, 139
List the prime factors of 88161.
3, 29387
List the prime factors of 1523.
1523
List the prime factors of 75224.
2, 9403
List the prime factors of 3534.
2, 3, 19, 31
What are the prime factors of 823?
823
List the prime factors of 3212.
2, 11, 73
List the prime factors of 3370.
2, 5, 337
List the prime factors of 8258.
2, 4129
List the prime factors of 23428.
2, 5857
List the prime factors of 3802.
2, 1901
What are the prime factors of 8255?
5, 13, 127
What are the prime factors of 2923?
37, 79
List the prime factors of 707.
7, 101
What are the prime factors of 275?
5, 11
List the prime factors of 63032.
2, 7879
List the prime factors of 5072.
2, 317
List the prime factors of 10886.
2, 5443
What are the prime factors of 50553?
3, 41, 137
What are the prime factors of 5130?
2, 3, 5, 19
What are the prime factors of 1414?
2, 7, 101
List the prime factors of 2015.
5, 13, 31
List the prime factors of 1727.
11, 157
What are the prime factors of 134?
2, 67
What are the prime factors of 169521?
3, 11, 467
What are the prime factors of 81058?
2, 40529
List the prime factors of 49926.
2, 3, 53, 157
What are the prime factors of 4111?
4111
What a